ed by 6411?
35
Calculate the remainder when 56983 is divided by 68.
67
What is the remainder when 7442 is divided by 408?
98
Calculate the remainder when 497 is divided by 154.
35
Calculate the remainder when 67134 is divided by 170.
154
What is the remainder when 108560 is divided by 6?
2
What is the remainder when 1652 is divided by 320?
52
What is the remainder when 79732 is divided by 39732?
268
Calculate the remainder when 408723 is divided by 1572.
3
Calculate the remainder when 5632 is divided by 331.
5
What is the remainder when 10567 is divided by 56?
39
What is the remainder when 5684 is divided by 150?
134
What is the remainder when 11260 is divided by 3555?
595
What is the remainder when 11427 is divided by 11391?
36
Calculate the remainder when 497 is divided by 303.
194
What is the remainder when 245665 is divided by 164?
157
What is the remainder when 981843 is divided by 23?
19
Calculate the remainder when 1178147 is divided by 329.
327
Calculate the remainder when 6453 is divided by 1959.
576
Calculate the remainder when 2388 is divided by 504.
372
Calculate the remainder when 565 is divided by 37.
10
What is the remainder when 9961 is divided by 146?
33
Calculate the remainder when 9859 is divided by 12.
7
Calculate the remainder when 2017 is divided by 196.
57
What is the remainder when 34015 is divided by 50?
15
What is the remainder when 495 is divided by 38?
1
What is the remainder when 41232 is divided by 18?
12
Calculate the remainder when 7854 is divided by 414.
402
Calculate the remainder when 22159 is divided by 62.
25
What is the remainder when 408731 is divided by 32?
27
What is the remainder when 260696 is divided by 310?
296
Calculate the remainder when 14145 is divided by 1476.
861
What is the remainder when 16703 is divided by 371?
8
What is the remainder when 4744 is divided by 88?
80
What is the remainder when 91450 is divided by 20?
10
Calculate the remainder when 59766 is divided by 747.
6
What is the remainder when 58298 is divided by 31?
18
Calculate the remainder when 1164 is divided by 44.
20
Calculate the remainder when 32464 is divided by 7.
5
Calculate the remainder when 5685 is divided by 1056.
405
What is the remainder when 7999 is divided by 7991?
8
Calculate the remainder when 5226 is divided by 5220.
6
What is the remainder when 18097 is divided by 13?
1
What is the remainder when 13925 is divided by 6961?
3
Calculate the remainder when 5357 is divided by 2610.
137
Calculate the remainder when 303 is divided by 97.
12
Calculate the remainder when 612231 is divided by 306108.
15
Calculate the remainder when 140994 is divided by 70489.
16
Calculate the remainder when 59237 is divided by 8459.
24
Calculate the remainder when 70231 is divided by 35100.
31
What is the remainder when 21911 is divided by 2423?
104
Calculate the remainder when 20450 is divided by 111.
26
What is the remainder when 2686 is divided by 243?
13
What is the remainder when 332906 is divided by 226?
8
What is the remainder when 210526 is divided by 5?
1
Calculate the remainder when 69422 is divided by 317.
316
What is the remainder when 1649 is divided by 478?
215
Calculate the remainder when 12617 is divided by 20.
17
What is the remainder when 288434 is divided by 469?
468
What is the remainder when 784 is divided by 75?
34
What is the remainder when 8168 is divided by 2040?
8
Calculate the remainder when 4246 is divided by 70.
46
Calculate the remainder when 161836 is divided by 40.
36
What is the remainder when 2290 is divided by 571?
6
What is the remainder when 178695 is divided by 219?
210
What is the remainder when 17822 is divided by 17814?
8
Calculate the remainder when 96654 is divided by 45.
39
What is the remainder when 26662 is divided by 917?
69
What is the remainder when 429956 is divided by 40?
36
What is the remainder when 2148 is divided by 66?
36
What is the remainder when 2022 is divided by 1911?
111
What is the remainder when 36545 is divided by 60?
5
What is the remainder when 80272 is divided by 11463?
31
Calculate the remainder when 34549 is divided by 141.
4
Calculate the remainder when 73357 is divided by 73328.
29
Calculate the remainder when 13008 is divided by 4.
0
What is the remainder when 50256 is divided by 72?
0
Calculate the remainder when 1577029 is divided by 455.
454
What is the remainder when 4533 is divided by 50?
33
What is the remainder when 16833 is divided by 1868?
21
Calculate the remainder when 7700 is divided by 1285.
1275
What is the remainder when 15541 is divided by 19?
18
What is the remainder when 52590 is divided by 61?
8
Calculate the remainder when 441492 is divided by 74.
8
What is the remainder when 128605 is divided by 846?
13
Calculate the remainder when 1012371 is divided by 2399.
2392
What is the remainder when 54906 is divided by 13699?
110
What is the remainder when 15437 is divided by 15355?
82
Calculate the remainder when 26655 is divided by 476.
475
What is the remainder when 46893 is divided by 58?
29
What is the remainder when 26541 is divided by 331?
61
Calculate the remainder when 74557 is divided by 37274.
9
Calculate the remainder when 34572 is divided by 2169.
2037
Calculate the remainder when 204356 is divided by 96.
68
What is the remainder when 4424 is divided by 42?
14
What is the remainder when 15222 is divided by 5056?
54
What is the remainder when 140892 is divided by 1342?
1324
What is the remainder when 4557 is divided by 95?
92
Calculate the remainder when 2364 is divided by 709.
237
What is the remainder when 300552 is divided by 206?
204
What is the remainder when 124238 is divided by 24847?
3
What is the remainder when 6645 is divided by 1656?
21
What is the remainder when 58135 is divided by 437?
14
Calculate the remainder when 57273 is divided by 231.
216
Calculate the remainder when 2817406 is divided by 176.
174
Calculate the remainder when 112256 is divided by 398.
20
Calculate the remainder when 2794 is divided by 252.
22
What is the remainder when 97753 is divided by 188?
181
What is the remainder when 276734 is divided by 1472?
1470
Calculate the remainder when 17552 is divided by 247.
15
What is the remainder when 4169 is divided by 18?
11
Calculate the remainder when 140698 is divided by 47.
27
Calculate the remainder when 14132 is divided by 3529.
16
What is the remainder when 282661 is divided by 356?
353
Calculate the remainder when 15180 is divided by 15177.
3
Calculate the remainder when 70393 is divided by 64.
57
What is the remainder when 2304 is divided by 514?
248
Calculate the remainder when 46641 is divided by 959.
609
What is the remainder when 6454 is divided by 90?
64
What is the remainder when 13372 is divided by 6681?
10
What is the remainder when 6111 is divided by 2966?
179
What is the remainder when 53442 is divided by 51?
45
What is the remainder when 29482 is divided by 120?
82
Calculate the remainder when 221050 is divided by 17.
16
What is the remainder when 60093 is divided by 4?
1
Calculate the remainder when 8103 is divided by 105.
18
What is the remainder when 77921 is divided by 47?
42
Calculate the remainder when 60379 is divided by 5.
4
What is the remainder when 23017 is divided by 194?
125
Calculate the remainder when 3741 is divided by 3718.
23
Calculate the remainder when 183640 is divided by 254.
252
What is the remainder when 173 is divided by 99?
74
Calculate the remainder when 2311356 is divided by 58.
56
What is the remainder when 10284 is divided by 2014?
214
What is the remainder when 915 is divided by 7?
5
Calculate the remainder when 21132 is divided by 1612.
176
Calculate the remainder when 565 is divided by 270.
25
What is the remainder when 116526 is divided by 43?
39
Calculate the remainder when 231910 is divided by 17.
13
Calculate the remainder when 28934 is divided by 78.
74
Calculate the remainder when 15477 is divided by 12.
9
What is the remainder when 274 is divided by 35?
29
Calculate the remainder when 226366 is divided by 108.
106
What is the remainder when 3165 is divided by 29?
4
Calculate the remainder when 935329 is divided by 15.
4
What is the remainder when 259663 is divided by 18?
13
What is the remainder when 9875 is divided by 759?
8
Calculate the remainder when